{"id":7679,"date":"2024-09-29T23:18:26","date_gmt":"2024-09-29T23:18:26","guid":{"rendered":"https:\/\/guzzo1764.live-website.com\/actualidad\/events\/fusion-latina-la-tata-duo-con-el-rana\/"},"modified":"2024-10-03T22:47:29","modified_gmt":"2024-10-03T22:47:29","slug":"fusion-latina-la-tata-duo-con-el-rana","status":"publish","type":"ajde_events","link":"https:\/\/guzzobcn.es\/fr\/actualidad\/events\/fusion-latina-la-tata-duo-con-el-rana\/","title":{"rendered":"[FUSI\u00d3N LATINA] La Tata D\u00fao con El Rana"},"content":{"rendered":"<p> <strong>Les concerts sont gratuits si vous venez manger ou 10 \u20ac le premier verre.<\/strong> Nous vous recommandons d&rsquo;arriver t\u00f4t si vous souhaitez vous asseoir pr\u00e8s de la sc\u00e8ne. <em>R\u00e9servez votre table<\/em><a href=\"https:\/\/guzzobcn.es\/fr\/reservations\/\"> ici.<\/a><\/p>\n<\/div>\n<p><b>Adresse : Pla\u00e7a Comercial, 10, El Born, Barcelone. Entr\u00e9e : gratuite avec boisson obligatoire.  <\/b><\/p>\n","protected":false},"author":2,"featured_media":7676,"menu_order":0,"comment_status":"closed","ping_status":"closed","template":"","meta":[],"tags":[],"event_type":[],"event_type_2":[],"class_list":["post-7679","ajde_events","type-ajde_events","status-publish","has-post-thumbnail"],"_links":{"self":[{"href":"https:\/\/guzzobcn.es\/fr\/wp-json\/wp\/v2\/ajde_events\/7679","targetHints":{"allow":["GET"]}}],"collection":[{"href":"https:\/\/guzzobcn.es\/fr\/wp-json\/wp\/v2\/ajde_events"}],"about":[{"href":"https:\/\/guzzobcn.es\/fr\/wp-json\/wp\/v2\/types\/ajde_events"}],"author":[{"embeddable":true,"href":"https:\/\/guzzobcn.es\/fr\/wp-json\/wp\/v2\/users\/2"}],"replies":[{"embeddable":true,"href":"https:\/\/guzzobcn.es\/fr\/wp-json\/wp\/v2\/comments?post=7679"}],"wp:featuredmedia":[{"embeddable":true,"href":"https:\/\/guzzobcn.es\/fr\/wp-json\/wp\/v2\/media\/7676"}],"wp:attachment":[{"href":"https:\/\/guzzobcn.es\/fr\/wp-json\/wp\/v2\/media?parent=7679"}],"wp:term":[{"taxonomy":"post_tag","embeddable":true,"href":"https:\/\/guzzobcn.es\/fr\/wp-json\/wp\/v2\/tags?post=7679"},{"taxonomy":"event_type","embeddable":true,"href":"https:\/\/guzzobcn.es\/fr\/wp-json\/wp\/v2\/event_type?post=7679"},{"taxonomy":"event_type_2","embeddable":true,"href":"https:\/\/guzzobcn.es\/fr\/wp-json\/wp\/v2\/event_type_2?post=7679"}],"curies":[{"name":"wp","href":"https:\/\/api.w.org\/{rel}","templated":true}]}}

[FUSIÓN LATINA] La Tata Dúo con El Rana

<p> <strong>Les concerts sont gratuits si vous venez manger ou 10 € le premier verre.</strong> Nous vous recommandons d&rsquo;arriver tôt si vous souhaitez vous asseoir près de la scène. <em>Réservez votre table</em><a href="https://guzzobcn.es/fr/reservations/"> ici.</a></p>
</div>
<p><b>Adresse : Plaça Comercial, 10, El Born, Barcelone. Entrée : gratuite avec boisson obligatoire.  </b></p>
